{"id":226,"date":"2015-08-25T10:34:24","date_gmt":"2015-08-25T10:34:24","guid":{"rendered":"http:\/\/pferdephysio-danner.horse\/?page_id=226"},"modified":"2025-03-18T13:35:12","modified_gmt":"2025-03-18T13:35:12","slug":"partner","status":"publish","type":"page","link":"https:\/\/pferdephysio-danner.horse\/index.php\/partner\/","title":{"rendered":"Partner"},"content":{"rendered":"\n[et_pb_section fb_built=&#8220;1&#8243; _builder_version=&#8220;4.24.0&#8243; _module_preset=&#8220;default&#8220; background_enable_image=&#8220;off&#8220; custom_padding=&#8220;0px||0px||false|false&#8220; global_colors_info=&#8220;{}&#8220;][et_pb_row _builder_version=&#8220;4.24.0&#8243; _module_preset=&#8220;default&#8220; width=&#8220;100%&#8220; max_width=&#8220;none&#8220; custom_padding=&#8220;0px||0px|||&#8220; global_colors_info=&#8220;{}&#8220;][et_pb_column type=&#8220;4_4&#8243; _builder_version=&#8220;4.24.0&#8243; _module_preset=&#8220;default&#8220; global_colors_info=&#8220;{}&#8220;][et_pb_image src=&#8220;https:\/\/pferdephysio-danner.horse\/wp-content\/uploads\/Pferdephysiotherapie-Danner-C-Itrone-Horse-Performance-Therapist-Christian-Jacky-Pferdeosteopahtie-Physiotherapie-Pferd-Bad-Woerrishofen-Muenchen-Bayern-Header-About-us-1.jpg&#8220; title_text=&#8220;Pferdephysiotherapie-Danner-C-Itrone-Horse-Performance-Therapist-Christian-Jacky-Pferdeosteopahtie-Physiotherapie-Pferd-Bad-Wo\u0308rrishofen-Mu\u0308nchen-Bayern-Header-About-us-1&#8243; force_fullwidth=&#8220;on&#8220; _builder_version=&#8220;4.24.0&#8243; _module_preset=&#8220;default&#8220; global_colors_info=&#8220;{}&#8220;][\/et_pb_image][\/et_pb_column][\/et_pb_row][\/et_pb_section][et_pb_section fb_built=&#8220;1&#8243; admin_label=&#8220;Video&#8220; _builder_version=&#8220;4.24.0&#8243; _module_preset=&#8220;default&#8220; background_color=&#8220;#0f3752&#8243; custom_padding=&#8220;60px||80px||false|false&#8220; collapsed=&#8220;on&#8220; global_colors_info=&#8220;{}&#8220;][et_pb_row _builder_version=&#8220;4.24.0&#8243; _module_preset=&#8220;default&#8220; max_width=&#8220;1280px&#8220; module_alignment=&#8220;center&#8220; custom_padding=&#8220;0px||0px|||&#8220; saved_tabs=&#8220;all&#8220; global_colors_info=&#8220;{}&#8220;][et_pb_column type=&#8220;4_4&#8243; _builder_version=&#8220;4.21.0&#8243; _module_preset=&#8220;default&#8220; global_colors_info=&#8220;{}&#8220;][et_pb_text _builder_version=&#8220;4.24.0&#8243; _module_preset=&#8220;_initial&#8220; header_font=&#8220;Saturday Lovin||||||||&#8220; header_text_color=&#8220;gcid-52e8b489-b10c-41af-b3c4-a69642f2df1f&#8220; header_font_size=&#8220;80px&#8220; header_line_height=&#8220;1.2em&#8220; custom_margin=&#8220;0px||12px||false|false&#8220; header_font_size_tablet=&#8220;50px&#8220; header_font_size_phone=&#8220;40px&#8220; header_font_size_last_edited=&#8220;on|phone&#8220; locked=&#8220;off&#8220; global_colors_info=&#8220;{%22gcid-52e8b489-b10c-41af-b3c4-a69642f2df1f%22:%91%22header_text_color%22,%22header_text_color%22%93}&#8220;]<h1 style=\"text-align: center;\">Partner<\/h1>[\/et_pb_text][et_pb_text _builder_version=&#8220;4.24.0&#8243; _module_preset=&#8220;_initial&#8220; header_font=&#8220;Orbitron|700||on|||||&#8220; header_text_color=&#8220;#FFFFFF&#8220; header_font_size=&#8220;45px&#8220; header_line_height=&#8220;1.2em&#8220; custom_margin=&#8220;||10px||false|false&#8220; header_font_size_tablet=&#8220;40px&#8220; header_font_size_phone=&#8220;24px&#8220; header_font_size_last_edited=&#8220;on|phone&#8220; locked=&#8220;off&#8220; global_colors_info=&#8220;{}&#8220;]<h1 style=\"text-align: center;\">Unsere Kooperationen<\/h1>[\/et_pb_text][et_pb_text _builder_version=&#8220;4.27.4&#8243; _module_preset=&#8220;_initial&#8220; text_font=&#8220;Open Sans||||||||&#8220; text_text_color=&#8220;#FFFFFF&#8220; text_font_size=&#8220;16px&#8220; text_line_height=&#8220;1.8em&#8220; link_text_color=&#8220;gcid-4e1a4293-6847-4a8b-8670-1037625c3a21&#8243; text_orientation=&#8220;center&#8220; width=&#8220;74%&#8220; module_alignment=&#8220;center&#8220; hover_enabled=&#8220;0&#8243; text_font_size_tablet=&#8220;15px&#8220; text_font_size_phone=&#8220;14px&#8220; text_font_size_last_edited=&#8220;on|phone&#8220; global_colors_info=&#8220;{%22gcid-4e1a4293-6847-4a8b-8670-1037625c3a21%22:%91%22link_text_color%22%93}&#8220; width_last_edited=&#8220;on|phone&#8220; sticky_enabled=&#8220;0&#8243; width_tablet=&#8220;99%&#8220; width_phone=&#8220;100%&#8220;]<p>Durch die Zusammenarbeit mit Herstellern, Ausbildungen und anderen Partnern aus dem Pferdesektor k\u00f6nnen wir Ihnen effektive Behandlungen bieten, die die Gesundheit und Leistungsf\u00e4higkeit Ihres Pferdes optimal f\u00f6rdern.<\/p>[\/et_pb_text][et_pb_icon font_icon=&#8220;&#x3b;||divi||400&#8243; icon_color=&#8220;gcid-52e8b489-b10c-41af-b3c4-a69642f2df1f&#8220; icon_width=&#8220;50px&#8220; url=&#8220;#danner&#8220; _builder_version=&#8220;4.24.0&#8243; _module_preset=&#8220;default&#8220; global_colors_info=&#8220;{%22gcid-52e8b489-b10c-41af-b3c4-a69642f2df1f%22:%91%22icon_color%22%93}&#8220; icon_width__hover_enabled=&#8220;off|desktop&#8220; icon_width__hover=&#8220;55px&#8220; transform_styles__hover_enabled=&#8220;on|hover&#8220; transform_scale__hover_enabled=&#8220;on|desktop&#8220; transform_translate__hover_enabled=&#8220;on|hover&#8220; transform_rotate__hover_enabled=&#8220;on|desktop&#8220; transform_skew__hover_enabled=&#8220;on|desktop&#8220; transform_origin__hover_enabled=&#8220;on|desktop&#8220; transform_scale__hover=&#8220;110%|110%&#8220;][\/et_pb_icon][\/et_pb_column][\/et_pb_row][\/et_pb_section][et_pb_section fb_built=&#8220;1&#8243; module_id=&#8220;danner&#8220; _builder_version=&#8220;4.24.0&#8243; _module_preset=&#8220;default&#8220; custom_padding=&#8220;80px||80px|||&#8220; global_colors_info=&#8220;{}&#8220;][et_pb_row column_structure=&#8220;1_3,1_3,1_3&#8243; _builder_version=&#8220;4.24.0&#8243; _module_preset=&#8220;default&#8220; custom_padding=&#8220;6px||25px|||&#8220; global_colors_info=&#8220;{}&#8220;][et_pb_column type=&#8220;1_3&#8243; _builder_version=&#8220;4.24.0&#8243; _module_preset=&#8220;default&#8220; global_colors_info=&#8220;{}&#8220;][et_pb_image src=&#8220;https:\/\/pferdephysio-danner.horse\/wp-content\/uploads\/NaturalForces-logo-horiz.jpg&#8220; title_text=&#8220;NaturalForces-logo-horiz&#8220; url=&#8220;https:\/\/shop.naturalforces.de\/&#8220; url_new_window=&#8220;on&#8220; _builder_version=&#8220;4.27.4&#8243; _module_preset=&#8220;default&#8220; custom_margin=&#8220;||50px|||&#8220; global_colors_info=&#8220;{}&#8220;][\/et_pb_image][et_pb_image src=&#8220;https:\/\/pferdephysio-danner.horse\/wp-content\/uploads\/gut_wettlkam.png&#8220; title_text=&#8220;gut_wettlkam&#8220; url=&#8220;https:\/\/www.gut-wettlkam.com\/&#8220; url_new_window=&#8220;on&#8220; align=&#8220;center&#8220; _builder_version=&#8220;4.27.4&#8243; _module_preset=&#8220;default&#8220; global_colors_info=&#8220;{}&#8220;][\/et_pb_image][\/et_pb_column][et_pb_column type=&#8220;1_3&#8243; _builder_version=&#8220;4.24.0&#8243; _module_preset=&#8220;default&#8220; global_colors_info=&#8220;{}&#8220;][et_pb_image src=&#8220;https:\/\/pferdephysio-danner.horse\/wp-content\/uploads\/Storz-Medical.png&#8220; title_text=&#8220;Storz-Medical&#8220; url=&#8220;https:\/\/www.storzmedical.com\/de\/&#8220; url_new_window=&#8220;on&#8220; _builder_version=&#8220;4.27.4&#8243; _module_preset=&#8220;default&#8220; custom_margin=&#8220;43px|||||&#8220; global_colors_info=&#8220;{}&#8220;][\/et_pb_image][et_pb_image src=&#8220;https:\/\/pferdephysio-danner.horse\/wp-content\/uploads\/WhatsApp-Image-2022-05-12-at-5.49.26-PM.jpeg&#8220; title_text=&#8220;WhatsApp Image 2022-05-12 at 5.49.26 PM&#8220; url=&#8220;https:\/\/www.osteopathiezentrum.de\/&#8220; url_new_window=&#8220;on&#8220; _builder_version=&#8220;4.27.4&#8243; _module_preset=&#8220;default&#8220; custom_margin=&#8220;43px|||||&#8220; global_colors_info=&#8220;{}&#8220;][\/et_pb_image][\/et_pb_column][et_pb_column type=&#8220;1_3&#8243; _builder_version=&#8220;4.24.0&#8243; _module_preset=&#8220;default&#8220; global_colors_info=&#8220;{}&#8220;][et_pb_image src=&#8220;https:\/\/pferdephysio-danner.horse\/wp-content\/uploads\/img_0184.jpg&#8220; title_text=&#8220;img_0184&#8243; url=&#8220;https:\/\/c-itrone.com\/&#8220; url_new_window=&#8220;on&#8220; _builder_version=&#8220;4.27.4&#8243; _module_preset=&#8220;default&#8220; global_colors_info=&#8220;{}&#8220;][\/et_pb_image][\/et_pb_column][\/et_pb_row][\/et_pb_section][et_pb_section fb_built=&#8220;1&#8243; _builder_version=&#8220;4.24.0&#8243; _module_preset=&#8220;default&#8220; use_background_color_gradient=&#8220;on&#8220; background_color_gradient_stops=&#8220;rgba(255,255,255,0.87) 0%|rgba(255,255,255,0.91) 99%&#8220; background_color_gradient_overlays_image=&#8220;on&#8220; background_image=&#8220;https:\/\/pferdephysio-danner.horse\/wp-content\/uploads\/Pferdephysiotherapie-Danner-C-Itrone-Horse-Performance-Therapist-Christian-Pferdeosteopathie-Therapieanwendungen-Pferd-Bad-Woerrishofen-Muenchen-Bayern-min-min.jpg&#8220; parallax=&#8220;on&#8220; custom_padding=&#8220;60px||80px|||&#8220; global_colors_info=&#8220;{}&#8220;][et_pb_row _builder_version=&#8220;4.24.0&#8243; _module_preset=&#8220;default&#8220; max_width=&#8220;1280px&#8220; module_alignment=&#8220;center&#8220; custom_margin=&#8220;|auto||auto|false|false&#8220; custom_padding=&#8220;0px||0px|||&#8220; saved_tabs=&#8220;all&#8220; global_colors_info=&#8220;{}&#8220;][et_pb_column type=&#8220;4_4&#8243; _builder_version=&#8220;4.24.0&#8243; _module_preset=&#8220;default&#8220; global_colors_info=&#8220;{}&#8220;][et_pb_text _builder_version=&#8220;4.24.0&#8243; _module_preset=&#8220;_initial&#8220; header_font=&#8220;Saturday Lovin||||||||&#8220; header_text_color=&#8220;gcid-52e8b489-b10c-41af-b3c4-a69642f2df1f&#8220; header_font_size=&#8220;80px&#8220; header_line_height=&#8220;1.2em&#8220; custom_margin=&#8220;0px||12px||false|false&#8220; header_font_size_tablet=&#8220;50px&#8220; header_font_size_phone=&#8220;40px&#8220; header_font_size_last_edited=&#8220;on|phone&#8220; locked=&#8220;off&#8220; global_colors_info=&#8220;{%22gcid-52e8b489-b10c-41af-b3c4-a69642f2df1f%22:%91%22header_text_color%22,%22header_text_color%22%93}&#8220;]<h1 style=\"text-align: center;\">Kontakt<\/h1>[\/et_pb_text][et_pb_text _builder_version=&#8220;4.27.4&#8243; _module_preset=&#8220;_initial&#8220; header_3_font=&#8220;Orbitron|700||on|||||&#8220; header_3_text_color=&#8220;gcid-46e0c651-8174-4624-9c5e-03e8d17cf99a&#8220; header_3_font_size=&#8220;45px&#8220; header_3_line_height=&#8220;1.2em&#8220; text_orientation=&#8220;center&#8220; width_last_edited=&#8220;off|phone&#8220; module_alignment=&#8220;center&#8220; custom_margin=&#8220;||20px||false|false&#8220; header_3_font_size_tablet=&#8220;40px&#8220; header_3_font_size_phone=&#8220;24px&#8220; header_3_font_size_last_edited=&#8220;on|phone&#8220; locked=&#8220;off&#8220; global_colors_info=&#8220;{%22gcid-46e0c651-8174-4624-9c5e-03e8d17cf99a%22:%91%22header_3_text_color%22%93}&#8220;]<h3 style=\"text-align: center;\">Jetzt Termin anfragen<\/h3>[\/et_pb_text][et_pb_button button_url=&#8220;\/index.php\/kontakt&#8220; button_text=&#8220;Mehr dazu&#8220; button_alignment=&#8220;center&#8220; _builder_version=&#8220;4.27.4&#8243; _module_preset=&#8220;_initial&#8220; custom_button=&#8220;on&#8220; button_text_size=&#8220;14px&#8220; button_text_color=&#8220;#FFFFFF&#8220; button_bg_color=&#8220;gcid-52e8b489-b10c-41af-b3c4-a69642f2df1f&#8220; button_border_width=&#8220;0px&#8220; button_border_radius=&#8220;10px&#8220; button_font=&#8220;Montserrat|700||on|||||&#8220; button_use_icon=&#8220;off&#8220; custom_margin=&#8220;||||false|true&#8220; custom_padding=&#8220;16px|40px|16px|40px|true|true&#8220; locked=&#8220;off&#8220; global_colors_info=&#8220;{%22gcid-52e8b489-b10c-41af-b3c4-a69642f2df1f%22:%91%22button_bg_color%22,%22button_text_color__hover%22,%22button_bg_color%22,%22button_text_color__hover%22%93,%22gcid-46e0c651-8174-4624-9c5e-03e8d17cf99a%22:%91%22button_bg_color__hover%22,%22button_bg_color__hover%22%93}&#8220; button_bg_color__hover_enabled=&#8220;on|desktop&#8220; button_bg_color__hover=&#8220;#1b5877&#8243; button_bg_enable_color__hover=&#8220;on&#8220; button_text_color__hover_enabled=&#8220;off|hover&#8220; button_text_color__hover=&#8220;#ea631b&#8220;][\/et_pb_button][\/et_pb_column][\/et_pb_row][\/et_pb_section]\n","protected":false},"excerpt":{"rendered":"<p>PartnerUnsere KooperationenDurch die Zusammenarbeit mit Herstellern, Ausbildungen und anderen Partnern aus dem Pferdesektor k\u00f6nnen wir Ihnen effektive Behandlungen bieten, die die Gesundheit und Leistungsf\u00e4higkeit Ihres Pferdes optimal f\u00f6rdern.KontaktJetzt Termin anfragen<\/p>\n","protected":false},"author":1,"featured_media":0,"parent":0,"menu_order":0,"comment_status":"open","ping_status":"closed","template":"","meta":{"_et_pb_use_builder":"on","_et_pb_old_content":"[title size=\"1\" content_align=\"left\" style_type=\"single solid\" sep_color=\"#265ca4\" class=\"\" id=\"\"]\r\n<p style=\"text-align: center;\">Meine Partner<\/p>\r\n[\/title][one_third last=\"no\" spacing=\"yes\" center_content=\"no\" hide_on_mobile=\"no\" background_color=\"\" background_image=\"\" background_repeat=\"no-repeat\" background_position=\"left top\" border_size=\"0px\" border_color=\"\" border_style=\"\" padding=\"\" margin_top=\"\" margin_bottom=\"\" animation_type=\"\" animation_direction=\"\" animation_speed=\"0.1\" class=\"\" id=\"\"][imageframe lightbox=\"no\" lightbox_image=\"\" style_type=\"none\" bordercolor=\"\" bordersize=\"0px\" borderradius=\"0\" stylecolor=\"\" align=\"center\" link=\"http:\/\/www.naturalforces.de\/\" linktarget=\"_self\" animation_type=\"0\" animation_direction=\"down\" animation_speed=\"0.1\" hide_on_mobile=\"no\" class=\"\" id=\"\"] <img alt=\"Equopark\" src=\"http:\/\/pferdephysio-danner.horse\/wp-content\/uploads\/NaturalForces-logo-horiz-300x106.jpg\" \/>[\/imageframe][\/one_third][one_third last=\"no\" spacing=\"yes\" center_content=\"no\" hide_on_mobile=\"no\" background_color=\"\" background_image=\"\" background_repeat=\"no-repeat\" background_position=\"left top\" border_size=\"0px\" border_color=\"\" border_style=\"\" padding=\"\" margin_top=\"\" margin_bottom=\"\" animation_type=\"\" animation_direction=\"\" animation_speed=\"0.1\" class=\"\" id=\"\"][imageframe lightbox=\"no\" lightbox_image=\"\" style_type=\"none\" bordercolor=\"\" bordersize=\"0px\" borderradius=\"0\" stylecolor=\"\" align=\"center\" link=\"\" linktarget=\"_self\" animation_type=\"0\" animation_direction=\"down\" animation_speed=\"0.1\" hide_on_mobile=\"no\" class=\"\" id=\"\"] <img alt=\"STORZ MEDICAL\" src=\"http:\/\/pferdephysio-danner.horse\/wp-content\/uploads\/Storz-Medical.png\" \/>[\/imageframe][\/one_third][one_third last=\"yes\" spacing=\"yes\" center_content=\"no\" hide_on_mobile=\"no\" background_color=\"\" background_image=\"\" background_repeat=\"no-repeat\" background_position=\"left top\" border_size=\"0px\" border_color=\"\" border_style=\"\" padding=\"\" margin_top=\"\" margin_bottom=\"\" animation_type=\"\" animation_direction=\"\" animation_speed=\"0.1\" class=\"\" id=\"\"][imageframe lightbox=\"no\" lightbox_image=\"\" style_type=\"none\" bordercolor=\"\" bordersize=\"0px\" borderradius=\"0\" stylecolor=\"\" align=\"center\" link=\"https:\/\/www.c-itrone.com\/\" linktarget=\"_blank\" animation_type=\"0\" animation_direction=\"down\" animation_speed=\"0.1\" hide_on_mobile=\"no\" class=\"\" id=\"\"] <img alt=\"C-Itrone Logo\" src=\"https:\/\/pferdephysio-danner.horse\/wp-content\/uploads\/img_0184-300x221.jpg\" \/>[\/imageframe][\/one_third][one_third last=\"no\" spacing=\"yes\" center_content=\"no\" hide_on_mobile=\"no\" background_color=\"\" background_image=\"\" background_repeat=\"no-repeat\" background_position=\"left top\" border_size=\"0px\" border_color=\"\" border_style=\"\" padding=\"\" margin_top=\"\" margin_bottom=\"\" animation_type=\"\" animation_direction=\"\" animation_speed=\"0.1\" class=\"\" id=\"\"][imageframe lightbox=\"no\" lightbox_image=\"\" style_type=\"none\" bordercolor=\"\" bordersize=\"0px\" borderradius=\"0\" stylecolor=\"\" align=\"center\" link=\"https:\/\/www.osteopathiezentrum.de\/\" linktarget=\"_blank\" animation_type=\"0\" animation_direction=\"down\" animation_speed=\"0.1\" hide_on_mobile=\"no\" class=\"\" id=\"\"] <img alt=\"DIPO \" src=\"https:\/\/pferdephysio-danner.horse\/wp-content\/uploads\/WhatsApp-Image-2022-05-12-at-5.49.26-PM.jpeg\" \/>[\/imageframe][\/one_third][one_third last=\"yes\" spacing=\"yes\" center_content=\"no\" hide_on_mobile=\"no\" background_color=\"\" background_image=\"\" background_repeat=\"no-repeat\" background_position=\"left top\" border_size=\"0px\" border_color=\"\" border_style=\"\" padding=\"\" margin_top=\"\" margin_bottom=\"\" animation_type=\"\" animation_direction=\"\" animation_speed=\"0.1\" class=\"\" id=\"\"][imageframe lightbox=\"no\" lightbox_image=\"\" style_type=\"none\" bordercolor=\"\" bordersize=\"0px\" borderradius=\"0\" stylecolor=\"\" align=\"center\" link=\"https:\/\/www.gut-wettlkam.com\/\" linktarget=\"_blank\" animation_type=\"0\" animation_direction=\"down\" animation_speed=\"0.1\" hide_on_mobile=\"no\" class=\"\" id=\"\"] <img alt=\"Gut Wettklam\" src=\"https:\/\/pferdephysio-danner.horse\/wp-content\/uploads\/gut_wettlkam.png\" \/>[\/imageframe][\/one_third][separator style_type=\"none\" top_margin=\"\" bottom_margin=\"\" sep_color=\"\" border_size=\"\" icon=\"\" icon_circle=\"\" icon_circle_color=\"\" width=\"\" alignment=\"\" class=\"\" id=\"\"]","_et_gb_content_width":"","footnotes":""},"class_list":["post-226","page","type-page","status-publish","hentry"],"yoast_head":"<!-- This site is optimized with the Yoast SEO plugin v26.2 - https:\/\/yoast.com\/wordpress\/plugins\/seo\/ -->\n<title>Partner - C-itrone Horse Performance Therapist: Jacky &amp; Christian Danner<\/title>\n<meta name=\"description\" content=\"Pferdephysio Danner - Pferdephysiotherapie und Pferdeosteopathie beschleunigt Pferdereha und steigert die Leistung vom Pferd - Buchen Sie jetzt einen Termin\" \/>\n<meta name=\"robots\" content=\"index, follow, max-snippet:-1, max-image-preview:large, max-video-preview:-1\" \/>\n<link rel=\"canonical\" href=\"https:\/\/pferdephysio-danner.horse\/index.php\/partner\/\" \/>\n<meta property=\"og:locale\" content=\"de_DE\" \/>\n<meta property=\"og:type\" content=\"article\" \/>\n<meta property=\"og:title\" content=\"Partner - C-itrone Horse Performance Therapist: Jacky &amp; Christian Danner\" \/>\n<meta property=\"og:description\" content=\"Pferdephysio Danner - Pferdephysiotherapie und Pferdeosteopathie beschleunigt Pferdereha und steigert die Leistung vom Pferd - Buchen Sie jetzt einen Termin\" \/>\n<meta property=\"og:url\" content=\"https:\/\/pferdephysio-danner.horse\/index.php\/partner\/\" \/>\n<meta property=\"og:site_name\" content=\"C-itrone Horse Performance Therapist: Jacky &amp; Christian Danner\" \/>\n<meta property=\"article:modified_time\" content=\"2025-03-18T13:35:12+00:00\" \/>\n<meta property=\"og:image\" content=\"https:\/\/pferdephysio-danner.horse\/wp-content\/uploads\/Pferdephysio-Danner-Linkbild.jpg\" \/>\n\t<meta property=\"og:image:width\" content=\"1920\" \/>\n\t<meta property=\"og:image:height\" content=\"1080\" \/>\n\t<meta property=\"og:image:type\" content=\"image\/jpeg\" \/>\n<meta name=\"twitter:card\" content=\"summary_large_image\" \/>\n<meta name=\"twitter:label1\" content=\"Gesch\u00e4tzte Lesezeit\" \/>\n\t<meta name=\"twitter:data1\" content=\"6\u00a0Minuten\" \/>\n<script type=\"application\/ld+json\" class=\"yoast-schema-graph\">{\"@context\":\"https:\/\/schema.org\",\"@graph\":[{\"@type\":\"WebPage\",\"@id\":\"https:\/\/pferdephysio-danner.horse\/index.php\/partner\/\",\"url\":\"https:\/\/pferdephysio-danner.horse\/index.php\/partner\/\",\"name\":\"Partner - C-itrone Horse Performance Therapist: Jacky &amp; Christian Danner\",\"isPartOf\":{\"@id\":\"https:\/\/pferdephysio-danner.horse\/#website\"},\"datePublished\":\"2015-08-25T10:34:24+00:00\",\"dateModified\":\"2025-03-18T13:35:12+00:00\",\"description\":\"Pferdephysio Danner - Pferdephysiotherapie und Pferdeosteopathie beschleunigt Pferdereha und steigert die Leistung vom Pferd - Buchen Sie jetzt einen Termin\",\"breadcrumb\":{\"@id\":\"https:\/\/pferdephysio-danner.horse\/index.php\/partner\/#breadcrumb\"},\"inLanguage\":\"de\",\"potentialAction\":[{\"@type\":\"ReadAction\",\"target\":[\"https:\/\/pferdephysio-danner.horse\/index.php\/partner\/\"]}]},{\"@type\":\"BreadcrumbList\",\"@id\":\"https:\/\/pferdephysio-danner.horse\/index.php\/partner\/#breadcrumb\",\"itemListElement\":[{\"@type\":\"ListItem\",\"position\":1,\"name\":\"Home\",\"item\":\"https:\/\/pferdephysio-danner.horse\/\"},{\"@type\":\"ListItem\",\"position\":2,\"name\":\"Partner\"}]},{\"@type\":\"WebSite\",\"@id\":\"https:\/\/pferdephysio-danner.horse\/#website\",\"url\":\"https:\/\/pferdephysio-danner.horse\/\",\"name\":\"C-itrone Horse Performance Therapist: Jacky &amp; Christian Danner\",\"description\":\"Ihre Pferdephysiotherapeuten in S\u00fcddeutschland, \u00d6sterreich und der Schweiz.\",\"potentialAction\":[{\"@type\":\"SearchAction\",\"target\":{\"@type\":\"EntryPoint\",\"urlTemplate\":\"https:\/\/pferdephysio-danner.horse\/?s={search_term_string}\"},\"query-input\":{\"@type\":\"PropertyValueSpecification\",\"valueRequired\":true,\"valueName\":\"search_term_string\"}}],\"inLanguage\":\"de\"}]}<\/script>\n<!-- \/ Yoast SEO plugin. -->","yoast_head_json":{"title":"Partner - C-itrone Horse Performance Therapist: Jacky &amp; Christian Danner","description":"Pferdephysio Danner - Pferdephysiotherapie und Pferdeosteopathie beschleunigt Pferdereha und steigert die Leistung vom Pferd - Buchen Sie jetzt einen Termin","robots":{"index":"index","follow":"follow","max-snippet":"max-snippet:-1","max-image-preview":"max-image-preview:large","max-video-preview":"max-video-preview:-1"},"canonical":"https:\/\/pferdephysio-danner.horse\/index.php\/partner\/","og_locale":"de_DE","og_type":"article","og_title":"Partner - C-itrone Horse Performance Therapist: Jacky &amp; Christian Danner","og_description":"Pferdephysio Danner - Pferdephysiotherapie und Pferdeosteopathie beschleunigt Pferdereha und steigert die Leistung vom Pferd - Buchen Sie jetzt einen Termin","og_url":"https:\/\/pferdephysio-danner.horse\/index.php\/partner\/","og_site_name":"C-itrone Horse Performance Therapist: Jacky &amp; Christian Danner","article_modified_time":"2025-03-18T13:35:12+00:00","og_image":[{"width":1920,"height":1080,"url":"https:\/\/pferdephysio-danner.horse\/wp-content\/uploads\/Pferdephysio-Danner-Linkbild.jpg","type":"image\/jpeg"}],"twitter_card":"summary_large_image","twitter_misc":{"Gesch\u00e4tzte Lesezeit":"6\u00a0Minuten"},"schema":{"@context":"https:\/\/schema.org","@graph":[{"@type":"WebPage","@id":"https:\/\/pferdephysio-danner.horse\/index.php\/partner\/","url":"https:\/\/pferdephysio-danner.horse\/index.php\/partner\/","name":"Partner - C-itrone Horse Performance Therapist: Jacky &amp; Christian Danner","isPartOf":{"@id":"https:\/\/pferdephysio-danner.horse\/#website"},"datePublished":"2015-08-25T10:34:24+00:00","dateModified":"2025-03-18T13:35:12+00:00","description":"Pferdephysio Danner - Pferdephysiotherapie und Pferdeosteopathie beschleunigt Pferdereha und steigert die Leistung vom Pferd - Buchen Sie jetzt einen Termin","breadcrumb":{"@id":"https:\/\/pferdephysio-danner.horse\/index.php\/partner\/#breadcrumb"},"inLanguage":"de","potentialAction":[{"@type":"ReadAction","target":["https:\/\/pferdephysio-danner.horse\/index.php\/partner\/"]}]},{"@type":"BreadcrumbList","@id":"https:\/\/pferdephysio-danner.horse\/index.php\/partner\/#breadcrumb","itemListElement":[{"@type":"ListItem","position":1,"name":"Home","item":"https:\/\/pferdephysio-danner.horse\/"},{"@type":"ListItem","position":2,"name":"Partner"}]},{"@type":"WebSite","@id":"https:\/\/pferdephysio-danner.horse\/#website","url":"https:\/\/pferdephysio-danner.horse\/","name":"C-itrone Horse Performance Therapist: Jacky &amp; Christian Danner","description":"Ihre Pferdephysiotherapeuten in S\u00fcddeutschland, \u00d6sterreich und der Schweiz.","potentialAction":[{"@type":"SearchAction","target":{"@type":"EntryPoint","urlTemplate":"https:\/\/pferdephysio-danner.horse\/?s={search_term_string}"},"query-input":{"@type":"PropertyValueSpecification","valueRequired":true,"valueName":"search_term_string"}}],"inLanguage":"de"}]}},"_links":{"self":[{"href":"https:\/\/pferdephysio-danner.horse\/index.php\/wp-json\/wp\/v2\/pages\/226","targetHints":{"allow":["GET"]}}],"collection":[{"href":"https:\/\/pferdephysio-danner.horse\/index.php\/wp-json\/wp\/v2\/pages"}],"about":[{"href":"https:\/\/pferdephysio-danner.horse\/index.php\/wp-json\/wp\/v2\/types\/page"}],"author":[{"embeddable":true,"href":"https:\/\/pferdephysio-danner.horse\/index.php\/wp-json\/wp\/v2\/users\/1"}],"replies":[{"embeddable":true,"href":"https:\/\/pferdephysio-danner.horse\/index.php\/wp-json\/wp\/v2\/comments?post=226"}],"version-history":[{"count":50,"href":"https:\/\/pferdephysio-danner.horse\/index.php\/wp-json\/wp\/v2\/pages\/226\/revisions"}],"predecessor-version":[{"id":1401,"href":"https:\/\/pferdephysio-danner.horse\/index.php\/wp-json\/wp\/v2\/pages\/226\/revisions\/1401"}],"wp:attachment":[{"href":"https:\/\/pferdephysio-danner.horse\/index.php\/wp-json\/wp\/v2\/media?parent=226"}],"curies":[{"name":"wp","href":"https:\/\/api.w.org\/{rel}","templated":true}]}}